y + 2 = 0, -2*u + u - 5*y = -7. Let q = u + 17. List the prime factors of q.
3
Let j be (20/(-8))/(-5)*162. List the prime factors of 0 - 4/((-12)/j).
3
Let t(i) = 7 - 3*i + 3 - 6*i - 14. List the prime factors of t(-3).
23
Let y(c) = c + 17. Let s be y(-7). Suppose -2*l + s = -24. What are the prime factors of l?
17
Suppose 11*z - 356 = 9*z. What are the prime factors of z?
2, 89
Suppose 11 = 4*c + p, -4*p = -4*c + 3 + 13. Suppose 2 = 2*g + 2*m, -3 = -c*g - 2*m + 1. Let v = 6 + g. List the prime factors of v.
2
Let c = 88 + -49. Let t = 71 - c. List the prime factors of t.
2
Let c be (3 + (-1 - 7))*-1. Suppose 3*a = -a - c*j + 59, 0 = a - 3*j - 36. What are the prime factors of a?
3, 7
Suppose 0 = y - 1 - 8. List the prime factors of y.
3
Let q = -30 + 50. Suppose -4*u + m + m + 40 = 0, -q = 5*m. List the prime factors of u.
2
Suppose -3*c = 3*c - 1176. List the prime factors of c.
2, 7
Suppose -4*k + k + b = -16, -4*k + 32 = -4*b. Suppose -2*z - k*r + 16 = 0, -3*z - r = z - 46. What are the prime factors of z?
2, 3
Let x(j) = -j**3 + 21*j**2 - 12*j - 27. List the prime factors of x(20).
7, 19
Let p be (0/2)/1 + 14. Suppose -3*x + 170 = p. Suppose -2*u = 2*u - x. List the prime factors of u.
13
Let i(j) = 1 - j**2 + 4*j**2 - 9 - 4*j**2 + 8*j. List the prime factors of i(6).
2
Let n(i) be the third derivative of -i**5/60 + i**4/24 - 2*i**3/3 - i**2. Let l be n(-3). Let k = -7 - l. List the prime factors of k.
3
Suppose -y + 96 = 7*n - 3*n, 2*n + 436 = 5*y. Suppose k - 3*k + y = 0. What are the prime factors of k?
2, 11
Let l = -16 + 108. What are the prime factors of l?
2, 23
Suppose f - 21 - 22 = k, -90 = -2*f - 2*k. What are the prime factors of f?
2, 11
Suppose -3 = -5*v + 7. Suppose -3*r + 12 = 3*k, -r = k - v*r + 4. Suppose k = -s + 5, 3*s = -4*i + 30 + 17. What are the prime factors of i?
2
Let o = 3 - -42. Suppose -c + 6*c - o = 0. What are the prime factors of (c - 0) + (-3)/3?
2
Suppose 35 = 4*o - 9*o. Let a = 7 - o. What are the prime factors of a?
2, 7
Suppose -4*h + 174 + 314 = 0. What are the prime factors of h?
2, 61
List the prime factors of ((-34)/(-8))/(10/840).
3, 7, 17
Let s(u) = u**3 + 5*u**2 - 4*u - 8. Let r be s(-6). What are the prime factors of 45/(-2)*r/30?
3, 5
Let v = 201 + -129. What are the prime factors of v?
2, 3
Let d = -36 + 64. List the prime factors of d.
2, 7
Suppose 16 = n - 3*n. Let f(p) = p**2 + 8*p + 9. List the prime factors of f(n).
3
Let b(c) = -6*c**2 - 4*c**2 + 10*c - 3 + 3 + 1 + c**3. Let g be (7 - 1)/(2/3). What are the prime factors of b(g)?
2, 5
Let y(f) = 5*f**2 - 7*f - 2. What are the prime factors of y(3)?
2, 11
Suppose -11 = -m - 2*c, 5*c + 25 = 4*m - 6. List the prime factors of m.
3
Let c(q) = -2*q**2 - 6*q - 2. Let v be c(-8). Let s = v + 52. What are the prime factors of ((-1)/2)/(3/s)?
5
Let v be (4/6)/((-2)/36). Let z = v + 18. Suppose -5*t + 2*k + 8 = 0, -3*t - 4*k + z = -2*t. List the prime factors of t.
2
List the prime factors of -1 - 0 - (-573)/(1 + 2).
2, 5, 19
Let y = -16 + 95. List the prime factors of y.
79
Let o(b) = b**3 + 6*b**2 + b + 8. Suppose 4 = -5*q - 26. Let g be o(q). List the prime factors of 4/g*(-20)/(-4).
2, 5
Let i be (-9 - -15)*(-2)/(-3). Suppose 0 = -3*d - 4*g + 148, d + i*g - 200 = -3*d. List the prime factors of d.
2, 13
Let r be ((-13)/(-39))/((-2)/(-30)). Suppose -52 = -r*m - 7. What are the prime factors of m?
3
Suppose -2*k = -5 - 5. Suppose -2*l - k = -3*l. Suppose 0 = g + 3*g, -l*n = -2*g - 50. What are the prime factors of n?
2, 5
Suppose 0 = -2*f - 0*f + 42. List the prime factors of f.
3, 7
Suppose -240 = -6*x + x. Let i be 0/(-1) - x/3. Let b = i + 26. List the prime factors of b.
2, 5
Suppose 0*t = 4*t + 20, -t = 5*v - 35. What are the prime factors of v?
2
Suppose 2*o - 3*i + 33 + 2 = 0, 4*i = 4*o + 60. List the prime factors of (o - -2)/(-4) - -19.
3, 7
Suppose 4 = x + 2. Let u = -12 - -16. Suppose j - x*j = -u. What are the prime factors of j?
2
Let z = -14 - -9. Let h = 8 + z. Suppose -h = -y + 2*m, -55 = -5*y - 0*y + 2*m. What are the prime factors of y?
13
Let x(b) = -b**3 + 6*b**2 + 9*b - 8. Let n = -2 + 0. Let o be (1/n)/((-1)/14). What are the prime factors of x(o)?
2, 3
Let f = -6 + -8. Let k = -7 - 18. Let h = f - k. What are the prime factors of h?
11
Let l(j) = j**2 - 3*j + 2. Let u be l(3). Let v = 1 - -2. Suppose -v*x = 2*s - 8, -u*x + 1 = 9. List the prime factors of s.
2, 5
Let r be (-43)/(6 + -2 + -5). Suppose 0 = -6*t + 7*t - r. What are the prime factors of t?
43
Let m(t) be the third derivative of t**6/120 + t**4/24 - t**3/6 - t**2. Let a be m(0). What are the prime factors of 0 + (-1)/a + 1?
2
Let y(p) = p**2 - 5*p + 3. Let b be y(5). Let v be (b/(-2))/(3/(-4)). Suppose 0 = v*w + 2*w - 48. List the prime factors of w.
2, 3
Let c = -18 - 41. Let g = -32 - c. What are the prime factors of g?
3
Let l = 3 + -8. Let n = l - -3. Let k = n - -4. What are the prime factors of k?
2
Let k = 3 + -4. Let b be 1 - (2 + k)*-24. Suppose -q + b = 4*q. What are the prime factors of q?
5
Let r = 229 + -165. List the prime factors of r.
2
Let b(k) = -k**3 - 3*k**2 - 2*k - 2. Let y be b(-3). Let a = -2 + y. Suppose 2*w + 4*p = 36, 3*p + 16 = 2*w + a*p. List the prime factors of w.
2, 5
Suppose 3*h = -h - 20. Let t be (-58)/(-10) + (-1)/h. List the prime factors of -12*(-3)/t + -1.
5
Let m be (-3 + 2)/(-1) + 7. Let p = -4 + m. Suppose 3*i - y - 21 + 4 = 0, -i + 2*y = -p. List the prime factors of i.
2, 3
Let u(b) = b**3 - 11*b - 13*b**2 - 9 + 0*b**3 + 4*b**3 - 4*b**3. What are the prime factors of u(14)?
3, 11
Suppose -x - 4*t + 3 = 0, 4*x + 2*t + 42 = 4*t. Let n be (-6)/(-2)*(-12)/x. Let l = n + 4. What are the prime factors of l?
2
Let p = 3 - -24. What are the prime factors of p?
3
Suppose 0 = -2*v - 0*t - 2*t + 4, -5*t + 10 = -2*v. Suppose v*h - 4*h - 12 = 3*n, 3*n = 0. What are the prime factors of (0 + h)/(-1 + 0)?
3
Let u = 1 - 1. Suppose -4*b = -u*b - 32. What are the prime factors of b?
2
Let u(o) = -o**3 + 9*o**2 + 2*o + 2. What are the prime factors of u(9)?
2, 5
Let g(a) = a**3 + 4*a**2 - 4*a + 7. Let l be -2 + 2 - (-5)/(-1). What are the prime factors of g(l)?
2
Let m = -188 - -298. Let k = m - 60. What are the prime factors of k?
2, 5
Let c be 1*7*20/70. Let h(m) be the second derivative of 2*m**3/3 - m**2 - m. List the prime factors of h(c).
2, 3
Let c be 102/(-12) - (-3)/2. Let p(n) = -n - 1. What are the prime factors of p(c)?
2, 3
Let f(m) = -2*m + 2. Let w be f(10). Let t = w + 37. What are the prime factors of t?
19
Let z(i) = 14*i - 5. List the prime factors of z(3).
37
Suppose 0*q - 5*q = -f + 8, -3*f - q = -8. Suppose f*w - 13 = 4*o + 22, -3*w + 71 = 5*o. What are the prime factors of w?
17
Let a(q) = 3*q**2 + 2*q + 2. Let s(l) = -4*l**2 - l - 2. Let g(t) = -5*a(t) - 4*s(t). Let y be g(6). What are the prime factors of y/((-4)/6)*2?
2, 3
Suppose -l + 18 = 2*l. Let k = -100 - -97. List the prime factors of ((-1)/k)/(1/l).
2
Let q(o) = -4*o**3 + 2*o**2 + o + 1. List the prime factors of q(-2).
3, 13
Suppose -4*j + t + 75 = 0, 3*j - 66 = -j - 2*t. Let h = j - 5. Suppose -2*u + d = -h, -3 = -2*u - 0*u + 3*d. What are the prime factors of u?
3
Let c be ((-30)/(-9))/((-4)/(-6)). Suppose -c = -a, 0*s - 5*a = 5*s - 55. List the prime factors of s.
2, 3
Suppose -t = 5*a - 10*a - 20, 2*t + 3*a = 66. Suppose d - w + 21 = 5*d, -2*w + t = 5*d. List the prime factors of d.
2
Suppose -2*w + 1044 = 4*w. List the prime factors of w.
2, 3, 29
Let y(c) be the second derivative of c**3/2 - c**2/2 + 4*c. What are the prime factors of y(4)?
11
Let f(h) = 7*h - 7. Let t be f(-5). List the prime factors of t/(-49)*(13 - -1).
2, 3
Suppose 0 = -4*x, 3*m + 3*x = 2*m + 17. What are the prime factors of m?
17
Suppose -3*h + 5 = -5*r, h - 18 = -h - 4*r. Let k = 10 - h. What are the prime factors of (2 + 2/(-5))*k?
2
Let o = 1 - 0. Let w be (o + 3/(-6))*-158. List the prime factors of w/(-9) + (-10)/(-45).
3
Suppose 0 = l + 1, 2*n - 68 = 5*l + 81. What are the prime factors of n?
2, 3
Let d be 0/(1*2/2). Suppose -4*v - a = -3*a - 160, 2*a + 4 = d. List the prime factors of v.
3, 13
Suppose 4*h + 24 = -4*r, 0 = -2*h + 5*r - 36 + 3. List the prime factors of 3/(-9) + (-156)/h.
17
Let j = 11 + -6. Suppose 3*c - 5*h - 28 = 2*c, -h = -j*c + 140. Suppose 